2926 (base 10) to base 15.
-d01
Convert 512421 (base 6) to base 9.
61824
What is -4511 (base 15) in base 8?
-34461
-136620 (base 7) to base 13
-c00c
Convert -20010122 (base 3) to base 10.
-4472
What is d5a (base 14) in base 15?
ba3
What is -1001011111111110 (base 2) in base 15?
-b7e0
Convert 10100001101 (base 2) to base 7.
3525
Convert b497 (base 12) to base 2.
100110011110011
What is 16 (base 10) in base 16?
10
3a63 (base 11) to base 2
1010010011000
46 (base 9) to base 5
132
Convert 743 (base 9) to base 8.
1136
ce4 (base 16) to base 12
1ab0
Convert 13446 (base 7) to base 8.
7114
What is 140304 (base 5) in base 16?
1648
Convert -2 (base 14) to base 4.
-2
1011101100 (base 2) to base 13
457
Convert -121423 (base 8) to base 12.
-201ab
310 (base 6) to base 16
72
Convert -329f (base 16) to base 10.
-12959
Convert -615 (base 12) to base 9.
-1178
What is -8999 (base 12) in base 16?
-3b85
-10aaa (base 14) to base 4
-21321032
What is 671 (base 10) in base 8?
1237
Convert 2200010022 (base 3) to base 15.
108a2
4563 (base 16) to base 15
53e3
-10000101000110 (base 2) to base 15
-27cd
What is -321 (base 13) in base 9?
-653
What is -1746 (base 9) in base 16?
-53a
What is 24437 (base 9) in base 3?
211111021
Convert -3357 (base 9) to base 3.
-10101221
Convert -200121202 (base 3) to base 11.
-a220
Convert -212266 (base 7) to base 6.
-442331
Convert -112121210 (base 3) to base 7.
-43035
Convert 86 (base 10) to base 7.
152
Convert 66374 (base 8) to base 10.
27900
Convert -745 (base 8) to base 6.
-2125
Convert 17275 (base 14) to base 5.
3324434
759 (base 15) to base 7
4560
-27907 (base 10) to base 5
-1343112
Convert 1011001000 (base 2) to base 14.
38c
1100101101000011 (base 2) to base 11
36105
Convert 485b (base 13) to base 15.
3061
-236 (base 10) to base 12
-178
What is -2001122 (base 3) in base 14?
-794
-1011000012 (base 3) to base 7
-122621
Convert -2010101011 (base 3) to base 4.
-22031203
What is 189 (base 15) in base 2?
101100010
34014 (base 6) to base 15
1627
-221010 (base 3) to base 10
-678
What is -4584 (base 12) in base 4?
-1320310
1726 (base 16) to base 12
351a
Convert -504 (base 9) to base 2.
-110011001
Convert -10010001000101 (base 2) to base 10.
-9285
Convert -11111 (base 8) to base 12.
-2861
Convert -2578 (base 14) to base 8.
-14656
65b (base 13) to base 9
1441
Convert -134 (base 6) to base 15.
-3d
-3021 (base 5) to base 8
-602
Convert -2576 (base 8) to base 12.
-992
What is 13553 (base 6) in base 4?
201231
What is 3b4 (base 15) in base 14?
444
Convert -23154 (base 7) to base 13.
-2904
Convert -253 (base 14) to base 5.
-3330
11100201 (base 3) to base 13
15a6
4d59 (base 15) to base 4
10001331
What is -4143 (base 5) in base 15?
-268
1974 (base 10) to base 3
2201010
-4052 (base 6) to base 7
-2420
Convert 49127 (base 10) to base 7.
263141
Convert -b162 (base 14) to base 15.
-9061
What is -239 (base 16) in base 15?
-27e
What is 17306 (base 11) in base 16?
5f07
-52cc (base 13) to base 14
-428b
What is 211021010 (base 3) in base 15?
4c20
What is -c393 (base 16) in base 9?
-75610
Convert 13090 (base 10) to base 5.
404330
Convert 48489 (base 10) to base 12.
24089
What is 607a (base 16) in base 13?
b31b
What is 42255 (base 9) in base 13?
c923
What is -1dd (base 16) in base 15?
-21c
Convert -33003011 (base 4) to base 16.
-f0c5
Convert 51 (base 14) to base 4.
1013
What is 1011221 (base 3) in base 9?
1157
Convert -1213 (base 5) to base 8.
-267
What is 3785 (base 14) in base 13?
456a
Convert 91ba (base 12) to base 11.
10999
Convert -331210 (base 4) to base 8.
-7544
What is 700 (base 13) in base 2?
10010011111
-3001201 (base 4) to base 5
-344020
Convert 8126 (base 9) to base 16.
1731
Convert 234 (base 5) to base 15.
49
1117 (base 9) to base 7
2260
What is 25554 (base 11) in base 4?
20323321
Convert 2444 (base 5) to base 6.
1422
What is -11110110001 (base 2) in base 16?
-7b1
Convert -517 (base 12) to base 9.
-1011
What is 5ee (base 15) in base 3?
1211222
-722 (base 8) to base 2
-111010010
Convert 20320 (base 5) to base 10.
1335
Convert -ca6b (base 14) to base 4.
-20202213
100100110 (base 2) to base 16
126
What is -228 (base 11) in base 15?
-132
Convert -813 (base 10) to base 7.
-2241
Convert 1000110010001 (base 2) to base 4.
1012101
Convert c074 (base 16) to base 10.
49268
Convert -467 (base 9) to base 6.
-1441
1110 (base 8) to base 14
2da
Convert 101010000 (base 2) to base 14.
1a0
Convert 1100001101 (base 2) to base 11.
650
-4646 (base 7) to base 14
-896
What is -402114 (base 6) in base 9?
-47281
11030 (base 6) to base 10
1530
Convert 13450 (base 8) to base 5.
142203
-335 (base 13) to base 4
-20213
-3365 (base 8) to base 11
-137a
Convert -110274 (base 9) to base 2.
-10000000100101111
-20a5 (base 12) to base 3
-11220122
What is 1010020201 (base 3) in base 8?
53043
What is -2175 (base 13) in base 9?
-6346
Convert 2013 (base 9) to base 11.
1117
Convert -77354 (base 8) to base 5.
-2014432
Convert 3299 (base 11) to base 13.
1c91
What is 3254 (base 11) in base 13?
1c54
-5180 (base 16) to base 13
-965c
-1211220 (base 3) to base 12
-943
What is a338 (base 13) in base 3?
1010220020
-22f (base 16) to base 10
-559
-10202112011 (base 3) to base 11
-50673
Convert -392a (base 15) to base 6.
-132234
Convert -32552 (base 7) to base 9.
-12178
-400 (base 16) to base 10
-1024
What is 1011000010110100 (base 2) in base 10?
45236
11110100011 (base 2) to base 14
9d9
What is 4464 (base 10) in base 13?
2055
-31323333 (base 4) to base 7
-325302
Convert 124233 (base 5) to base 9.
6702
Convert -931 (base 14) to base 15.
-807
Convert a2 (base 11) to base 4.
1300
Convert 411 (base 14) to base 13.
496
56 (base 14) to base 9
84
What is 100201 (base 3) in base 7?
523
d11 (base 16) to base 8
6421
Convert -334 (base 10) to base 5.
-2314
What is -42615 (base 8) in base 6?
-214233
What is -12355 (base 7) in base 3?
-11111021
Convert 23566 (base 12) to base 4.
23211132
27772 (base 8) to base 16
2ffa
Convert -1010000100 (base 2) to base 15.
-2ce
Convert 302433 (base 5) to base 14.
379d
What is 3101200 (base 5) in base 9?
75740
What is -1a04b (base 12) in base 16?
-94bb
-26415 (base 7) to base 9
-10623
What is -431103 (base 5) in base 4?
-3203000
What is -100511 (base 6) in base 16?
-1f1b
1c62 (base 16) to base 8
16142
What is -707 (base 15) in base 4?
-120232
-1122110 (base 3) to base 15
-550
1024 (base 9) to base 11
623
Convert 55c (base 14) to base 11.
886
Convert -1011101100 (base 3) to base 8.
-54536
Convert 5343 (base 6) to base 16.
4bf
Convert 3394 (base 15) to base 12.
63b7
10210221 (base 3) to base 14
1027
What is 1001000100010101 (base 2) in base 15?
b011
-70778 (base 9) to base 7
-252521
197b2 (base 12) to base 2
1001001000110110
What is -2430 (base 16) in base 9?
-13633
What is -2621 (base 10) in base 9?
-3532
Convert -10000100 (base 2) to base 5.
-1012
What is 10001011010 (base 2) in base 16?
45a
-34100 (base 9) to base 8
-54230
What is -10464 (base 8) in base 5?
-120104
Convert -110210002 (base 3) to base 11.
-7000
Convert -11000111001 (base 2) to base 3.
-2012000
Convert 610 (base 8) to base 9.
475
What is -203230 (base 5) in base 13?
-3078
What is 20343 (base 7) in base 10?
4980
Convert 442 (base 13) to base 5.
10410
Convert 11000100000 (base 2) to base 6.
11132
2442 (base 5) to base 12
270
What is 1dc95 (base 14) in base 4?
102230123
What is 5501 (base 12) in base 11?
7040
Convert 100011001110 (base 2) to base 5.
33004
What is 324340 (base 6) in base 4?
12210210
Convert -2423 (base 5) to base 16.
-16b
What is a60 (base 11) in base 2?
10011111100
-1212122 (base 5) to base 9
-34228
Convert -1b3 (base 12) to base 13.
-186
What is 951 (base 11) in base 12?
7b5
What is 50024 (base 7) in base 16?
2ef7
-215 (base 8) to base 9
-166
-65 (base 9) to base 12
-4b
What is 57 (base 11) in base 9?
68
-100100100 (base 2) to base 10
-292
Convert 407 (base 10) to base 14.
211
Convert dfe (base 16) to base 7.
13305
Convert -2116 (base 11) to base 13.
-1375
Convert 113411 (base 5) to base 16.
1087
What is 203 (base 6) in base 7?
135
Convert -1010000111111101 (base 2) to base 4.
-22013331
25054 (base 6) to base 4
321322
56 (base 11) to base 3
2021
-260 (base 7) to base 4
-2030
What is -9ab (base 13) in base 7?
-4563
Convert d78 (base 14) to base 8.
5136
Convert 4243 (base 6) to base 10.
963
-13206 (base